93?
9
What is the highest common factor of 24756128 and 1640?
328
Calculate the highest common factor of 149916 and 2756520.
4836
Calculate the highest common divisor of 35878212 and 108.
36
Calculate the highest common factor of 16086224 and 36797.
1187
Calculate the highest common factor of 242868 and 14874.
222
Calculate the highest common factor of 292068 and 299388.
732
Calculate the greatest common divisor of 1464 and 93417108.
732
Calculate the highest common factor of 37 and 17954916.
37
What is the highest common factor of 7595 and 61045355?
1085
What is the greatest common factor of 7955979 and 3396?
849
Calculate the highest common divisor of 30152112 and 261.
87
Calculate the greatest common divisor of 256 and 6531776.
64
What is the highest common factor of 220350 and 5655?
195
Calculate the greatest common divisor of 903712 and 114824.
248
Calculate the highest common factor of 5599 and 47001569.
509
Calculate the highest common factor of 2004835 and 870905.
5845
What is the highest common factor of 324224 and 717584?
2384
Calculate the highest common divisor of 3050 and 12775550.
50
What is the highest common factor of 1010 and 6073345?
5
What is the highest common factor of 3367701 and 288?
9
What is the greatest common divisor of 210747466 and 203?
29
What is the greatest common divisor of 668344 and 1900?
76
What is the greatest common factor of 750 and 193874150?
50
What is the highest common factor of 30 and 117778458?
6
What is the greatest common factor of 1621 and 32467009?
1621
Calculate the greatest common factor of 90 and 30497340.
30
Calculate the highest common divisor of 3557250 and 3060.
1530
Calculate the highest common divisor of 5912520 and 8004.
348
What is the greatest common factor of 4130 and 359590?
70
What is the greatest common divisor of 46009 and 2729126?
139
What is the highest common factor of 7238 and 6511428?
154
Calculate the highest common factor of 8902102 and 3674.
3674
Calculate the greatest common factor of 2672 and 5933176.
1336
Calculate the highest common factor of 1464 and 5663118.
366
What is the highest common factor of 7680852 and 1557?
9
Calculate the greatest common divisor of 371953 and 375405.
863
What is the greatest common divisor of 212164 and 1018828?
116
Calculate the highest common divisor of 6 and 27323306.
2
Calculate the highest common factor of 13687528 and 47.
47
Calculate the highest common factor of 4151586 and 8.
2
What is the greatest common factor of 4917376 and 635008?
5248
What is the greatest common divisor of 578568 and 600?
24
Calculate the greatest common divisor of 261 and 7172454.
87
What is the highest common divisor of 5584 and 123304?
8
What is the highest common divisor of 14129730 and 315?
45
What is the greatest common divisor of 22 and 676994?
2
What is the greatest common factor of 2748 and 10661324?
916
Calculate the highest common divisor of 705 and 303665.
5
Calculate the greatest common divisor of 122846 and 440498.
514
Calculate the greatest common factor of 3735 and 81027505.
415
What is the greatest common factor of 337356160 and 87040?
10880
Calculate the greatest common factor of 14904006 and 218.
218
Calculate the greatest common factor of 7891 and 1066444977.
7891
What is the highest common divisor of 65 and 21550035?
65
Calculate the highest common factor of 134881082 and 10892.
5446
What is the highest common factor of 928 and 65414604?
116
What is the greatest common divisor of 2265028 and 7524?
76
Calculate the highest common divisor of 170 and 380690.
10
Calculate the greatest common divisor of 22554450 and 18090.
270
What is the highest common factor of 124821 and 306927?
603
Calculate the greatest common divisor of 268223 and 27797.
361
What is the greatest common divisor of 71673214 and 6627?
2209
What is the highest common divisor of 37318 and 1137541?
47
Calculate the greatest common divisor of 3757 and 465205.
221
Calculate the greatest common divisor of 824070 and 425.
5
What is the greatest common factor of 99000 and 4183520?
440
What is the greatest common factor of 31590 and 107718?
78
Calculate the highest common divisor of 690 and 2340520.
10
What is the highest common divisor of 6625 and 108447275?
1325
Calculate the highest common divisor of 1355300 and 1.
1
What is the highest common divisor of 2016105 and 47385?
195
Calculate the highest common divisor of 180 and 10722150.
90
What is the greatest common factor of 62128 and 848?
16
What is the greatest common factor of 111387887 and 4537?
4537
What is the greatest common divisor of 19148 and 3461001?
4787
What is the highest common divisor of 1388754 and 306?
18
What is the greatest common factor of 852576 and 24096?
96
What is the highest common divisor of 3897293 and 97901?
2083
Calculate the highest common divisor of 166221 and 16595601.
2409
Calculate the greatest common factor of 104 and 71350.
2
What is the greatest common divisor of 2792 and 481969?
349
Calculate the highest common factor of 934011 and 43173.
1053
What is the greatest common factor of 90416 and 39946919?
5651
What is the highest common divisor of 6735 and 4383?
3
Calculate the greatest common divisor of 227 and 38474003.
227
What is the highest common divisor of 4081 and 1916849781?
4081
What is the greatest common factor of 8554498 and 40?
2
Calculate the greatest common factor of 62944708 and 318.
106
What is the highest common factor of 22 and 48499814?
22
What is the highest common factor of 40555271 and 142?
71
What is the greatest common divisor of 3818 and 8633234?
46
What is the highest common factor of 1259439 and 1431?
159
Calculate the greatest common divisor of 606388505 and 1217.
1217
What is the greatest common divisor of 23666920 and 620?
20
What is the greatest common divisor of 687218 and 382?
382
Calculate the greatest common divisor of 44136 and 989640.
72
What is the highest common factor of 156 and 4469478?
78
Calculate the greatest common factor of 317 and 1703672.
1
Calculate the highest common factor of 2518749 and 4401.
27
What is the highest common divisor of 42 and 188754834?
6
What is the greatest common divisor of 36652 and 7287084?
3332
What is the greatest common divisor of 394 and 24111618?
394
Calculate the highest common divisor of 3551688 and 20184.
696
What is the greatest common divisor of 110487 and 20397?
39
Calculate the highest common factor of 1029 and 135906204.
1029
Calculate the highest common factor of 29797912 and 25276.
356
What is the greatest common divisor of 788 and 1824?
4
What is the highest common divisor of 2074 and 5609966?
34
Calculate the greatest common factor of 6063522 and 1098.
366
Calculate the greatest common divisor of 15197490 and 1540.
770
What is the greatest common divisor of 37961200 and 48?
16
Calculate the greatest common factor of 24952015 and 275.
55
What is the greatest common factor of 15484 and 916874?
1106
What is the highest common divisor of 60214 and 10046883?
1771
Calculate the greatest common divisor of 14 and 3776962.
14
Calculate the highest common factor of 29670 and 8572695.
645
What is the greatest common divisor of 25572057 and 42441?
903
What is the highest common factor of 245825369 and 47?
47
Calculate the greatest common factor of 7035 and 1115.
5
What is the highest common factor of 140598 and 426?
6
What is the greatest common divisor of 215502 and 23961?
147
What is the greatest common factor of 110505930 and 564?
282
Calculate the greatest common factor of 7524 and 1020908.
76
What is the greatest common divisor of 772244 and 4037?
11
What is the greatest common factor of 7050 and 3279450?
150
What is the highest common factor of 134190 and 4658985?
135
Calculate the greatest common factor of 83600 and 3865.
5
Calculate the greatest common divisor of 417600 and 58400.
800
What is the highest common divisor of 8109 and 1128528?
153
Calculate the highest common factor of 18956217 and 504.
21
What is the greatest common divisor of 4036728 and 264?
24
What is the greatest common factor of 46035551 and 985?
197
Calculate the greatest common divisor of 327522 and 85.
17
What is the greatest common divisor of 1060137 and 186796?
697
Calculate the greatest common divisor of 2026793 and 2413.
127
What is